{"id":246,"date":"2024-12-11T13:05:31","date_gmt":"2024-12-11T16:05:31","guid":{"rendered":"https:\/\/espacioporespacio.com.ar\/?page_id=246"},"modified":"2024-12-11T13:05:31","modified_gmt":"2024-12-11T16:05:31","slug":"geobiologia","status":"publish","type":"page","link":"https:\/\/espacioporespacio.com.ar\/index.php\/geobiologia\/","title":{"rendered":"GEOBIOLOG\u00cdA"},"content":{"rendered":"\n<p>La\u00a0<strong>geobiolog\u00eda<\/strong>\u00a0trata especialmente de todo aquello que puede afectar a la salud o al bienestar de las personas en su entorno y, m\u00e1s concretamente, en su h\u00e1bitat. Desde hace siglos el hombre ha sido capaz de entender la influencia del\u00a0<strong>magnetismo<\/strong>\u00a0de la Tierra en nuestra salud, detectar\u00a0<strong>zonas geopat\u00f3genas<\/strong>\u00a0y decidir cu\u00e1l es el sitio m\u00e1s sano para vivir. Ha sido consciente de las<strong>\u00a0radiaciones naturales<\/strong>\u00a0que emanan del terreno y de sus efectos en la salud, y ha podido detectarlas por m\u00e9todos de biosensibilidad.<\/p>\n\n\n\n<p>Los factores naturales que se han estudiado tradicionalmente desde la Geobiolog\u00eda y que se estudian hoy en d\u00eda con aparatolog\u00eda moderna desde la Salud Geoambiental son:<\/p>\n\n\n\n<ul>\n<li>Alteraciones geof\u00edsicas: fallas geol\u00f3gicas y fracturas del terreno, \u00e1reas de contacto entre diferentes tipos de materiales, corrientes de agua subterr\u00e1nea y otros elementos del subsuelo pueden provocar tanto alteraciones electromagn\u00e9ticas locales en la vertical de dichos fen\u00f3menos, como cambios en los niveles de radiaci\u00f3n ambiental.<\/li>\n\n\n\n<li><a href=\"https:\/\/www.saludgeoambiental.org\/lineas-hartmann\/\"><strong>L\u00edneas Hartmann<\/strong><\/a>: red geomagn\u00e9tica natural cuyas l\u00edneas de fuerza conforman una malla orientada norte-sur con celdas de 2 por 2,5 metros aproximadamente.<\/li>\n\n\n\n<li><a href=\"https:\/\/www.saludgeoambiental.org\/lineas-curry\/\"><strong>L\u00edneas Curry<\/strong><\/a>: red geomagn\u00e9tica natural cuyas l\u00edneas de fuerza est\u00e1n orientadas noreste-sureste y sureste-noroeste, aproximadamente cada 6 u 8 metros.<\/li>\n\n\n\n<li>Radiactividad ambiental procedente de las rocas y materiales del terreno, que con frecuencia puede traducirse en grandes concentraciones de\u00a0<a href=\"https:\/\/saludgeoambiental.org\/gas-radon\" target=\"_blank\" rel=\"noreferrer noopener\"><strong>gas rad\u00f3n<\/strong><\/a>, una sustancia altamente cancer\u00edgena, seg\u00fan la Organizaci\u00f3n Mundial de la Salud.<\/li>\n<\/ul>\n\n\n\n<p>Cada vez es m\u00e1s dif\u00edcil hallar un buen lugar de descanso. A la contaminaci\u00f3n sonora, debemos a\u00f1adir las influencias de radiaciones c\u00f3smicas, solares y terrestres, y otras intensas<br>radiaciones generadas por nosotros (electrodom\u00e9sticos y afines), fruto de nuestro af\u00e1n de &#8220;progreso&#8221; tecnol\u00f3gico<\/p>\n\n\n\n<p>Por todo esto cuando me solicitan una consultor\u00eda en Feng Shui siempre incluyo el estudio Geobiol\u00f3gico y radiestesia, es muy importante antes de continuar con el an\u00e1lisis del feng Shui chequear si nos encontramos en un espacio saludable y que curas se pueden realizar.<\/p>\n","protected":false},"excerpt":{"rendered":"<p>La\u00a0geobiolog\u00eda\u00a0trata especialmente de todo aquello que puede afectar a la salud o al bienestar de las personas en su entorno y, m\u00e1s concretamente, en su h\u00e1bitat. Desde hace siglos el hombre ha sido capaz de entender la influencia del\u00a0magnetismo\u00a0de la Tierra en nuestra salud, detectar\u00a0zonas geopat\u00f3genas\u00a0y decidir cu\u00e1l es el sitio m\u00e1s sano para vivir. Ha sido consciente de las\u00a0radiaciones naturales\u00a0que emanan del terreno y de sus efectos en la salud, y ha podido detectarlas por m\u00e9todos de biosensibilidad. Los factores naturales que se han estudiado tradicionalmente desde la Geobiolog\u00eda y que se estudian hoy en d\u00eda con aparatolog\u00eda moderna desde la Salud Geoambiental son: Cada vez es m\u00e1s dif\u00edcil hallar un buen lugar de descanso. A la contaminaci\u00f3n sonora, debemos a\u00f1adir las influencias de radiaciones c\u00f3smicas, solares y terrestres, y otras intensasradiaciones generadas por nosotros (electrodom\u00e9sticos y afines), fruto de nuestro af\u00e1n de &#8220;progreso&#8221; tecnol\u00f3gico Por todo esto cuando me solicitan una consultor\u00eda en Feng Shui siempre incluyo el estudio Geobiol\u00f3gico y radiestesia, es muy importante antes de continuar con el an\u00e1lisis del feng Shui chequear si nos encontramos en un espacio saludable y que curas se pueden realizar.<\/p>\n","protected":false},"author":2,"featured_media":247,"parent":0,"menu_order":0,"comment_status":"closed","ping_status":"closed","template":"","meta":{"footnotes":""},"_links":{"self":[{"href":"https:\/\/espacioporespacio.com.ar\/index.php\/wp-json\/wp\/v2\/pages\/246"}],"collection":[{"href":"https:\/\/espacioporespacio.com.ar\/index.php\/wp-json\/wp\/v2\/pages"}],"about":[{"href":"https:\/\/espacioporespacio.com.ar\/index.php\/wp-json\/wp\/v2\/types\/page"}],"author":[{"embeddable":true,"href":"https:\/\/espacioporespacio.com.ar\/index.php\/wp-json\/wp\/v2\/users\/2"}],"replies":[{"embeddable":true,"href":"https:\/\/espacioporespacio.com.ar\/index.php\/wp-json\/wp\/v2\/comments?post=246"}],"version-history":[{"count":1,"href":"https:\/\/espacioporespacio.com.ar\/index.php\/wp-json\/wp\/v2\/pages\/246\/revisions"}],"predecessor-version":[{"id":249,"href":"https:\/\/espacioporespacio.com.ar\/index.php\/wp-json\/wp\/v2\/pages\/246\/revisions\/249"}],"wp:featuredmedia":[{"embeddable":true,"href":"https:\/\/espacioporespacio.com.ar\/index.php\/wp-json\/wp\/v2\/media\/247"}],"wp:attachment":[{"href":"https:\/\/espacioporespacio.com.ar\/index.php\/wp-json\/wp\/v2\/media?parent=246"}],"curies":[{"name":"wp","href":"https:\/\/api.w.org\/{rel}","templated":true}]}}